{"id":13302,"date":"2025-01-24T11:32:04","date_gmt":"2025-01-24T14:32:04","guid":{"rendered":"https:\/\/wp-dev.econrio.com.br\/?page_id=13302"},"modified":"2025-03-06T11:42:30","modified_gmt":"2025-03-06T14:42:30","slug":"formulario-banco-de-provas","status":"publish","type":"page","link":"https:\/\/wp-dev.econrio.com.br\/index.php\/formulario-banco-de-provas\/","title":{"rendered":"Formul\u00e1rio Banco de Provas"},"content":{"rendered":"<p>[et_pb_section fb_built=&#8221;1&#8243; module_id=&#8221;secao_download&#8221; _builder_version=&#8221;4.18.1&#8243; _module_preset=&#8221;default&#8221; width=&#8221;70%&#8221; width_tablet=&#8221;70%&#8221; width_phone=&#8221;100%&#8221; width_last_edited=&#8221;on|phone&#8221; max_width=&#8221;100%&#8221; module_alignment=&#8221;center&#8221; global_colors_info=&#8221;{}&#8221;][et_pb_row column_structure=&#8221;1_2,1_2&#8243; module_id=&#8221;area_form_download&#8221; _builder_version=&#8221;4.18.1&#8243; _module_preset=&#8221;default&#8221; global_colors_info=&#8221;{}&#8221;][et_pb_column type=&#8221;1_2&#8243; _builder_version=&#8221;4.18.1&#8243; _module_preset=&#8221;default&#8221; global_colors_info=&#8221;{}&#8221;][et_pb_image src=&#8221;https:\/\/wp-dev.econrio.com.br\/wp-content\/uploads\/2025\/01\/Logo-Econrio-Horizontal-1-Branco-copy_300px.png&#8221; title_text=&#8221;Logo Econrio Horizontal 1 Branco copy_300px&#8221; align=&#8221;center&#8221; admin_label=&#8221;Imagem&#8221; _builder_version=&#8221;4.18.1&#8243; _module_preset=&#8221;default&#8221; global_colors_info=&#8221;{}&#8221;][\/et_pb_image][et_pb_text module_class=&#8221;texto_tenha_acesso&#8221; _builder_version=&#8221;4.18.1&#8243; _module_preset=&#8221;default&#8221; global_colors_info=&#8221;{}&#8221;]<\/p>\n<p style=\"text-align: center;\">Tenha acesso as provas e gabaritos fazendo o cadastro abaixo:<\/p>\n<p>[\/et_pb_text][et_pb_contact_form use_spam_service=&#8221;on&#8221; email=&#8221;contato@econrio.com.br&#8221; use_redirect=&#8221;on&#8221; redirect_url=&#8221;https:\/\/wp-dev.econrio.com.br\/index.php\/banco-de-provas\/&#8221; success_message=&#8221;Mensagem enviada com sucesso! Em breve retornaremos. Obrigado.&#8221; submit_button_text=&#8221;ACESSAR PROVAS&#8221; module_id=&#8221;form_contato_download&#8221; _builder_version=&#8221;4.18.1&#8243; _module_preset=&#8221;default&#8221; _unique_id=&#8221;4b303890-67eb-4d9e-9023-77b99b53e7a7&#8243; custom_button=&#8221;on&#8221; button_use_icon=&#8221;off&#8221; hover_enabled=&#8221;0&#8243; global_colors_info=&#8221;{}&#8221; sticky_enabled=&#8221;0&#8243;][et_pb_contact_field field_id=&#8221;Name&#8221; field_title=&#8221;Nome&#8221; fullwidth_field=&#8221;on&#8221; _builder_version=&#8221;4.18.1&#8243; global_colors_info=&#8221;{}&#8221; button_text_size__hover_enabled=&#8221;off&#8221; button_one_text_size__hover_enabled=&#8221;off&#8221; button_two_text_size__hover_enabled=&#8221;off&#8221; button_text_color__hover_enabled=&#8221;off&#8221; button_one_text_color__hover_enabled=&#8221;off&#8221; button_two_text_color__hover_enabled=&#8221;off&#8221; button_border_width__hover_enabled=&#8221;off&#8221; button_one_border_width__hover_enabled=&#8221;off&#8221; button_two_border_width__hover_enabled=&#8221;off&#8221; button_border_color__hover_enabled=&#8221;off&#8221; button_one_border_color__hover_enabled=&#8221;off&#8221; button_two_border_color__hover_enabled=&#8221;off&#8221; button_border_radius__hover_enabled=&#8221;off&#8221; button_one_border_radius__hover_enabled=&#8221;off&#8221; button_two_border_radius__hover_enabled=&#8221;off&#8221; button_letter_spacing__hover_enabled=&#8221;off&#8221; button_one_letter_spacing__hover_enabled=&#8221;off&#8221; button_two_letter_spacing__hover_enabled=&#8221;off&#8221; button_bg_color__hover_enabled=&#8221;off&#8221; button_one_bg_color__hover_enabled=&#8221;off&#8221; button_two_bg_color__hover_enabled=&#8221;off&#8221;][\/et_pb_contact_field][et_pb_contact_field field_id=&#8221;Email&#8221; field_title=&#8221;E-mail&#8221; field_type=&#8221;email&#8221; fullwidth_field=&#8221;on&#8221; _builder_version=&#8221;4.18.1&#8243; global_colors_info=&#8221;{}&#8221; button_text_size__hover_enabled=&#8221;off&#8221; button_one_text_size__hover_enabled=&#8221;off&#8221; button_two_text_size__hover_enabled=&#8221;off&#8221; button_text_color__hover_enabled=&#8221;off&#8221; button_one_text_color__hover_enabled=&#8221;off&#8221; button_two_text_color__hover_enabled=&#8221;off&#8221; button_border_width__hover_enabled=&#8221;off&#8221; button_one_border_width__hover_enabled=&#8221;off&#8221; button_two_border_width__hover_enabled=&#8221;off&#8221; button_border_color__hover_enabled=&#8221;off&#8221; button_one_border_color__hover_enabled=&#8221;off&#8221; button_two_border_color__hover_enabled=&#8221;off&#8221; button_border_radius__hover_enabled=&#8221;off&#8221; button_one_border_radius__hover_enabled=&#8221;off&#8221; button_two_border_radius__hover_enabled=&#8221;off&#8221; button_letter_spacing__hover_enabled=&#8221;off&#8221; button_one_letter_spacing__hover_enabled=&#8221;off&#8221; button_two_letter_spacing__hover_enabled=&#8221;off&#8221; button_bg_color__hover_enabled=&#8221;off&#8221; button_one_bg_color__hover_enabled=&#8221;off&#8221; button_two_bg_color__hover_enabled=&#8221;off&#8221;][\/et_pb_contact_field][et_pb_contact_field field_id=&#8221;Estado&#8221; field_title=&#8221;Estado&#8221; field_type=&#8221;select&#8221; select_options=&#8221;%91{%22value%22:%22AC%22,%22checked%22:0,%22dragID%22:-1},{%22value%22:%22AL%22,%22checked%22:0,%22dragID%22:0},{%22value%22:%22AP%22,%22checked%22:0,%22dragID%22:1},{%22value%22:%22AM%22,%22checked%22:0,%22dragID%22:2},{%22value%22:%22BA%22,%22checked%22:0,%22dragID%22:3},{%22value%22:%22CE%22,%22checked%22:0,%22dragID%22:4},{%22value%22:%22DF%22,%22checked%22:0,%22dragID%22:5},{%22value%22:%22ES%22,%22checked%22:0,%22dragID%22:6},{%22value%22:%22GO%22,%22checked%22:0,%22dragID%22:7},{%22value%22:%22MA%22,%22checked%22:0,%22dragID%22:8},{%22value%22:%22MT%22,%22checked%22:0,%22dragID%22:9},{%22value%22:%22MS%22,%22checked%22:0,%22dragID%22:10},{%22value%22:%22MG%22,%22checked%22:0,%22dragID%22:11},{%22value%22:%22PA%22,%22checked%22:0,%22dragID%22:12},{%22value%22:%22PB%22,%22checked%22:0,%22dragID%22:13},{%22value%22:%22PR%22,%22checked%22:0,%22dragID%22:14},{%22value%22:%22PE%22,%22checked%22:0,%22dragID%22:15},{%22value%22:%22PI%22,%22checked%22:0,%22dragID%22:16},{%22value%22:%22RJ%22,%22checked%22:0,%22dragID%22:17},{%22value%22:%22RN%22,%22checked%22:0,%22dragID%22:18},{%22value%22:%22RS%22,%22checked%22:0,%22dragID%22:19},{%22value%22:%22RO%22,%22checked%22:0,%22dragID%22:20},{%22value%22:%22RR%22,%22checked%22:0,%22dragID%22:21},{%22value%22:%22SC%22,%22checked%22:0,%22dragID%22:22},{%22value%22:%22SP%22,%22checked%22:0,%22dragID%22:23},{%22value%22:%22SE%22,%22checked%22:0,%22dragID%22:24},{%22value%22:%22TO%22,%22checked%22:0,%22dragID%22:25},{%22value%22:%22EX%22,%22checked%22:0,%22dragID%22:26}%93&#8243; fullwidth_field=&#8221;on&#8221; _builder_version=&#8221;4.18.1&#8243; _module_preset=&#8221;default&#8221; global_colors_info=&#8221;{}&#8221;][\/et_pb_contact_field][et_pb_contact_field field_id=&#8221;DDD&#8221; field_title=&#8221;DDD&#8221; min_length=&#8221;2&#8243; max_length=&#8221;2&#8243; allowed_symbols=&#8221;numbers&#8221; fullwidth_field=&#8221;on&#8221; _builder_version=&#8221;4.18.1&#8243; _module_preset=&#8221;default&#8221; width=&#8221;20%&#8221; max_width=&#8221;20%&#8221; module_alignment=&#8221;left&#8221; custom_css_main_element=&#8221;float:left;||clear:none;&#8221; global_colors_info=&#8221;{}&#8221;][\/et_pb_contact_field][et_pb_contact_field field_id=&#8221;Celular&#8221; field_title=&#8221;Celular&#8221; allowed_symbols=&#8221;numbers&#8221; fullwidth_field=&#8221;on&#8221; _builder_version=&#8221;4.18.1&#8243; _module_preset=&#8221;default&#8221; width=&#8221;80%&#8221; max_width=&#8221;80%&#8221; module_alignment=&#8221;left&#8221; custom_css_main_element=&#8221;float:left;||clear:none;&#8221; global_colors_info=&#8221;{}&#8221;][\/et_pb_contact_field][et_pb_contact_field field_id=&#8221;politica&#8221; field_title=&#8221;Pol\u00edtica de Privacidade&#8221; field_type=&#8221;radio&#8221; radio_options=&#8221;%91{%22value%22:%22%92%22Eu concordo em compartilhar meus dados com a ECONRIO.%92%22 N\u00e3o se preocupe. A nossa empresa est\u00e1 comprometida em proteger e respeitar sua privacidade, seus dados s\u00e3o usados apenas para fins de marketing.*%22,%22checked%22:0,%22dragID%22:-1}%93&#8243; fullwidth_field=&#8221;on&#8221; _builder_version=&#8221;4.18.1&#8243; _module_preset=&#8221;default&#8221; global_colors_info=&#8221;{}&#8221;][\/et_pb_contact_field][\/et_pb_contact_form][\/et_pb_column][et_pb_column type=&#8221;1_2&#8243; _builder_version=&#8221;4.18.1&#8243; _module_preset=&#8221;default&#8221; global_colors_info=&#8221;{}&#8221;][et_pb_image src=&#8221;https:\/\/wp-dev.econrio.com.br\/wp-content\/uploads\/2025\/01\/logos_instituicoes.png&#8221; title_text=&#8221;logos_instituicoes&#8221; module_id=&#8221;img_logos_inst&#8221; _builder_version=&#8221;4.18.1&#8243; _module_preset=&#8221;default&#8221; global_colors_info=&#8221;{}&#8221;][\/et_pb_image][\/et_pb_column][\/et_pb_row][\/et_pb_section][et_pb_section fb_built=&#8221;1&#8243; module_id=&#8221;secao_download_sobre&#8221; _builder_version=&#8221;4.18.1&#8243; _module_preset=&#8221;default&#8221; width=&#8221;100%&#8221; max_width=&#8221;100%&#8221; module_alignment=&#8221;center&#8221; global_colors_info=&#8221;{}&#8221;][et_pb_row _builder_version=&#8221;4.18.1&#8243; _module_preset=&#8221;default&#8221; width=&#8221;40%&#8221; global_colors_info=&#8221;{}&#8221;][et_pb_column type=&#8221;4_4&#8243; _builder_version=&#8221;4.18.1&#8243; _module_preset=&#8221;default&#8221; global_colors_info=&#8221;{}&#8221;][et_pb_text _builder_version=&#8221;4.18.1&#8243; _module_preset=&#8221;default&#8221; text_text_color=&#8221;#192c53&#8243; global_colors_info=&#8221;{}&#8221;]<\/p>\n<h2 style=\"text-align: center;\"><strong>SOBRE O NOSSO BANCO:<\/strong><\/h2>\n<p>[\/et_pb_text][et_pb_text _builder_version=&#8221;4.18.1&#8243; _module_preset=&#8221;default&#8221; global_colors_info=&#8221;{}&#8221;]<\/p>\n<p style=\"text-align: center;\">A <strong>ECONRIO<\/strong> \u00e9 um empresa especializada na presta\u00e7\u00e3o de vestibulares e processos seletivos.<br \/>Fazemos os vestibulares de Medicina para algumas das principais institui\u00e7\u00f5es privadas do pa\u00eds.<\/p>\n<p class=\"p1\" style=\"text-align: center;\">Com uma equipe de alto n\u00edvel, nosso banco de provas e gabaritos \u00e9 o resultado da colabora\u00e7\u00e3o de profissionais experientes, acumulando mais de <strong>20 anos de know-how na condu\u00e7\u00e3o de grandes processos seletivos<\/strong>, concursos e vestibulares.<\/p>\n<p>[\/et_pb_text][\/et_pb_column][\/et_pb_row][\/et_pb_section]<\/p>\n","protected":false},"excerpt":{"rendered":"<p>Tenha acesso as provas e gabaritos fazendo o cadastro abaixo:SOBRE O NOSSO BANCO:A ECONRIO \u00e9 um empresa especializada na presta\u00e7\u00e3o de vestibulares e processos seletivos.Fazemos os vestibulares de Medicina para algumas das principais institui\u00e7\u00f5es privadas do pa\u00eds. Com uma equipe de alto n\u00edvel, nosso banco de provas e gabaritos \u00e9 o resultado da colabora\u00e7\u00e3o de [&hellip;]<\/p>\n","protected":false},"author":18,"featured_media":0,"parent":0,"menu_order":0,"comment_status":"closed","ping_status":"closed","template":"","meta":{"_acf_changed":false,"_et_pb_use_builder":"on","_et_pb_old_content":"","_et_gb_content_width":"","footnotes":""},"class_list":["post-13302","page","type-page","status-publish","hentry"],"acf":[],"yoast_head":"<!-- This site is optimized with the Yoast SEO plugin v24.2 - https:\/\/yoast.com\/wordpress\/plugins\/seo\/ -->\n<title>Formul\u00e1rio Banco de Provas - Econrio<\/title>\n<meta name=\"robots\" content=\"noindex, follow, max-snippet:-1, max-image-preview:large, max-video-preview:-1\" \/>\n<meta property=\"og:locale\" content=\"pt_BR\" \/>\n<meta property=\"og:type\" content=\"article\" \/>\n<meta property=\"og:title\" content=\"Formul\u00e1rio Banco de Provas - Econrio\" \/>\n<meta property=\"og:description\" content=\"Tenha acesso as provas e gabaritos fazendo o cadastro abaixo:SOBRE O NOSSO BANCO:A ECONRIO \u00e9 um empresa especializada na presta\u00e7\u00e3o de vestibulares e processos seletivos.Fazemos os vestibulares de Medicina para algumas das principais institui\u00e7\u00f5es privadas do pa\u00eds. Com uma equipe de alto n\u00edvel, nosso banco de provas e gabaritos \u00e9 o resultado da colabora\u00e7\u00e3o de [&hellip;]\" \/>\n<meta property=\"og:url\" content=\"https:\/\/wp-dev.econrio.com.br\/index.php\/formulario-banco-de-provas\/\" \/>\n<meta property=\"og:site_name\" content=\"Econrio\" \/>\n<meta property=\"article:modified_time\" content=\"2025-03-06T14:42:30+00:00\" \/>\n<meta name=\"twitter:card\" content=\"summary_large_image\" \/>\n<meta name=\"twitter:label1\" content=\"Est. tempo de leitura\" \/>\n\t<meta name=\"twitter:data1\" content=\"2 minutos\" \/>\n<script type=\"application\/ld+json\" class=\"yoast-schema-graph\">{\"@context\":\"https:\/\/schema.org\",\"@graph\":[{\"@type\":\"WebPage\",\"@id\":\"https:\/\/wp-dev.econrio.com.br\/index.php\/formulario-banco-de-provas\/\",\"url\":\"https:\/\/wp-dev.econrio.com.br\/index.php\/formulario-banco-de-provas\/\",\"name\":\"Formul\u00e1rio Banco de Provas - Econrio\",\"isPartOf\":{\"@id\":\"https:\/\/wp-dev.econrio.com.br\/#website\"},\"datePublished\":\"2025-01-24T14:32:04+00:00\",\"dateModified\":\"2025-03-06T14:42:30+00:00\",\"breadcrumb\":{\"@id\":\"https:\/\/wp-dev.econrio.com.br\/index.php\/formulario-banco-de-provas\/#breadcrumb\"},\"inLanguage\":\"pt-BR\",\"potentialAction\":[{\"@type\":\"ReadAction\",\"target\":[\"https:\/\/wp-dev.econrio.com.br\/index.php\/formulario-banco-de-provas\/\"]}]},{\"@type\":\"BreadcrumbList\",\"@id\":\"https:\/\/wp-dev.econrio.com.br\/index.php\/formulario-banco-de-provas\/#breadcrumb\",\"itemListElement\":[{\"@type\":\"ListItem\",\"position\":1,\"name\":\"In\u00edcio\",\"item\":\"https:\/\/wp-dev.econrio.com.br\/\"},{\"@type\":\"ListItem\",\"position\":2,\"name\":\"Formul\u00e1rio Banco de Provas\"}]},{\"@type\":\"WebSite\",\"@id\":\"https:\/\/wp-dev.econrio.com.br\/#website\",\"url\":\"https:\/\/wp-dev.econrio.com.br\/\",\"name\":\"Econrio\",\"description\":\"Presta\u00e7\u00e3o de servi\u00e7os de sele\u00e7\u00e3o e concursos p\u00fablicos.\",\"publisher\":{\"@id\":\"https:\/\/wp-dev.econrio.com.br\/#organization\"},\"potentialAction\":[{\"@type\":\"SearchAction\",\"target\":{\"@type\":\"EntryPoint\",\"urlTemplate\":\"https:\/\/wp-dev.econrio.com.br\/?s={search_term_string}\"},\"query-input\":{\"@type\":\"PropertyValueSpecification\",\"valueRequired\":true,\"valueName\":\"search_term_string\"}}],\"inLanguage\":\"pt-BR\"},{\"@type\":\"Organization\",\"@id\":\"https:\/\/wp-dev.econrio.com.br\/#organization\",\"name\":\"Econrio\",\"url\":\"https:\/\/wp-dev.econrio.com.br\/\",\"logo\":{\"@type\":\"ImageObject\",\"inLanguage\":\"pt-BR\",\"@id\":\"https:\/\/wp-dev.econrio.com.br\/#\/schema\/logo\/image\/\",\"url\":\"http:\/\/wpdev.econrio.com.br\/wp-content\/uploads\/2023\/09\/banner-share.jpg\",\"contentUrl\":\"http:\/\/wpdev.econrio.com.br\/wp-content\/uploads\/2023\/09\/banner-share.jpg\",\"width\":1899,\"height\":974,\"caption\":\"Econrio\"},\"image\":{\"@id\":\"https:\/\/wp-dev.econrio.com.br\/#\/schema\/logo\/image\/\"},\"sameAs\":[\"https:\/\/br.linkedin.com\/company\/econrio\"]}]}<\/script>\n<!-- \/ Yoast SEO plugin. -->","yoast_head_json":{"title":"Formul\u00e1rio Banco de Provas - Econrio","robots":{"index":"noindex","follow":"follow","max-snippet":"max-snippet:-1","max-image-preview":"max-image-preview:large","max-video-preview":"max-video-preview:-1"},"og_locale":"pt_BR","og_type":"article","og_title":"Formul\u00e1rio Banco de Provas - Econrio","og_description":"Tenha acesso as provas e gabaritos fazendo o cadastro abaixo:SOBRE O NOSSO BANCO:A ECONRIO \u00e9 um empresa especializada na presta\u00e7\u00e3o de vestibulares e processos seletivos.Fazemos os vestibulares de Medicina para algumas das principais institui\u00e7\u00f5es privadas do pa\u00eds. Com uma equipe de alto n\u00edvel, nosso banco de provas e gabaritos \u00e9 o resultado da colabora\u00e7\u00e3o de [&hellip;]","og_url":"https:\/\/wp-dev.econrio.com.br\/index.php\/formulario-banco-de-provas\/","og_site_name":"Econrio","article_modified_time":"2025-03-06T14:42:30+00:00","twitter_card":"summary_large_image","twitter_misc":{"Est. tempo de leitura":"2 minutos"},"schema":{"@context":"https:\/\/schema.org","@graph":[{"@type":"WebPage","@id":"https:\/\/wp-dev.econrio.com.br\/index.php\/formulario-banco-de-provas\/","url":"https:\/\/wp-dev.econrio.com.br\/index.php\/formulario-banco-de-provas\/","name":"Formul\u00e1rio Banco de Provas - Econrio","isPartOf":{"@id":"https:\/\/wp-dev.econrio.com.br\/#website"},"datePublished":"2025-01-24T14:32:04+00:00","dateModified":"2025-03-06T14:42:30+00:00","breadcrumb":{"@id":"https:\/\/wp-dev.econrio.com.br\/index.php\/formulario-banco-de-provas\/#breadcrumb"},"inLanguage":"pt-BR","potentialAction":[{"@type":"ReadAction","target":["https:\/\/wp-dev.econrio.com.br\/index.php\/formulario-banco-de-provas\/"]}]},{"@type":"BreadcrumbList","@id":"https:\/\/wp-dev.econrio.com.br\/index.php\/formulario-banco-de-provas\/#breadcrumb","itemListElement":[{"@type":"ListItem","position":1,"name":"In\u00edcio","item":"https:\/\/wp-dev.econrio.com.br\/"},{"@type":"ListItem","position":2,"name":"Formul\u00e1rio Banco de Provas"}]},{"@type":"WebSite","@id":"https:\/\/wp-dev.econrio.com.br\/#website","url":"https:\/\/wp-dev.econrio.com.br\/","name":"Econrio","description":"Presta\u00e7\u00e3o de servi\u00e7os de sele\u00e7\u00e3o e concursos p\u00fablicos.","publisher":{"@id":"https:\/\/wp-dev.econrio.com.br\/#organization"},"potentialAction":[{"@type":"SearchAction","target":{"@type":"EntryPoint","urlTemplate":"https:\/\/wp-dev.econrio.com.br\/?s={search_term_string}"},"query-input":{"@type":"PropertyValueSpecification","valueRequired":true,"valueName":"search_term_string"}}],"inLanguage":"pt-BR"},{"@type":"Organization","@id":"https:\/\/wp-dev.econrio.com.br\/#organization","name":"Econrio","url":"https:\/\/wp-dev.econrio.com.br\/","logo":{"@type":"ImageObject","inLanguage":"pt-BR","@id":"https:\/\/wp-dev.econrio.com.br\/#\/schema\/logo\/image\/","url":"http:\/\/wpdev.econrio.com.br\/wp-content\/uploads\/2023\/09\/banner-share.jpg","contentUrl":"http:\/\/wpdev.econrio.com.br\/wp-content\/uploads\/2023\/09\/banner-share.jpg","width":1899,"height":974,"caption":"Econrio"},"image":{"@id":"https:\/\/wp-dev.econrio.com.br\/#\/schema\/logo\/image\/"},"sameAs":["https:\/\/br.linkedin.com\/company\/econrio"]}]}},"_links":{"self":[{"href":"https:\/\/wp-dev.econrio.com.br\/index.php\/wp-json\/wp\/v2\/pages\/13302","targetHints":{"allow":["GET"]}}],"collection":[{"href":"https:\/\/wp-dev.econrio.com.br\/index.php\/wp-json\/wp\/v2\/pages"}],"about":[{"href":"https:\/\/wp-dev.econrio.com.br\/index.php\/wp-json\/wp\/v2\/types\/page"}],"author":[{"embeddable":true,"href":"https:\/\/wp-dev.econrio.com.br\/index.php\/wp-json\/wp\/v2\/users\/18"}],"replies":[{"embeddable":true,"href":"https:\/\/wp-dev.econrio.com.br\/index.php\/wp-json\/wp\/v2\/comments?post=13302"}],"version-history":[{"count":22,"href":"https:\/\/wp-dev.econrio.com.br\/index.php\/wp-json\/wp\/v2\/pages\/13302\/revisions"}],"predecessor-version":[{"id":13515,"href":"https:\/\/wp-dev.econrio.com.br\/index.php\/wp-json\/wp\/v2\/pages\/13302\/revisions\/13515"}],"wp:attachment":[{"href":"https:\/\/wp-dev.econrio.com.br\/index.php\/wp-json\/wp\/v2\/media?parent=13302"}],"curies":[{"name":"wp","href":"https:\/\/api.w.org\/{rel}","templated":true}]}}